 5*f - 5*z - 22. Let v(o) = -1 - 8*o + 26*o + 139*o + 103*o. Is v(f) a composite number?
True
Suppose 0 = -4*s + 5*k + 5, -4*s - 3*k - 25 = -2*k. Let v = -6 - s. Let u(n) = -193*n - 2. Is u(v) composite?
False
Is (7355/15)/(14/6 + -2) composite?
False
Suppose -33*i + 24 = -34*i. Is (i/(-36))/((-4)/(-14358)*1) composite?
False
Suppose 6 = 2*s + 2. Suppose 2*q + 4*p = 874, 2*p = s*q + p - 889. Is q a prime number?
True
Let v = 9032 + -4061. Is v a prime number?
False
Suppose 2*w = -3*w + 5955. Suppose -w = -5*f + 2*f. Is f composite?
False
Let w(j) = -j**3 + 6*j - 3. Let s be w(-6). Let d = 298 - s. Is d composite?
True
Let d(z) = z**3 + 6. Let f be d(0). Let m = -3 + f. Suppose 2*a + n - 254 = -3*n, m*n = 12. Is a a composite number?
True
Suppose -3*x + 68 = 5*u, 2*x + 55 = 4*u + 5*x. Let a(y) = 61*y - 2. Is a(u) composite?
True
Suppose -1 = -m, 1880 = -2*n + 4*n - 2*m. Let f = -492 + n. Is f composite?
False
Let i(h) = 73*h**2 - 4*h - 44. Is i(-5) prime?
True
Let u(d) = 151*d**2 - 17*d + 65. Is u(4) composite?
True
Let p(z) = -9*z**3 - z - 2. Let l be p(-1). Let j = -8 + l. Suppose 2*y - 2*q - q - 167 = j, 4*y + 4*q = 304. Is y a prime number?
True
Suppose 0*w - 11*w = -46684. Suppose w = 4*v - 5*q, -4*v + 0*v - 3*q + 4244 = 0. Is v composite?
False
Suppose 21*c + 19834 = 232312. Is c composite?
True
Let y(b) = -1363*b + 41. Is y(-2) composite?
False
Let x = 361 + -651. Let s = x - -510. Is s/8*(-6)/(-5) prime?
False
Let p be (8 + 0/1)*-1. Let w(f) = 5*f**2 + f - 1. Let r(k) = -k**3 + 6*k**2 + 14*k - 7. Let s(v) = -r(v) + 4*w(v). Is s(p) composite?
False
Let d be (7 - (10 - 4))/((-1)/(-883)). Let n = d - 416. Is n composite?
False
Let g be 4 + -11 + 4 + 16. Let j(l) = 21*l - 10. Is j(g) prime?
True
Let m be (-2)/(10/(-6) - -1). Let b be 3*3*7/21. Suppose 19 = 3*g - 3*k - 575, -m = -b*k. Is g a prime number?
True
Let w(v) = 1978*v**2 + 10*v - 25. Is w(2) prime?
True
Let t(b) = 21*b + 4. Suppose -4*v = 5*y - 30, v - 50 = -3*y + 5*v. Suppose 0*s - s = -o + y, 5*o = -5*s. Is t(o) composite?
False
Let p(t) = 5*t + 14. Let l be p(-6). Let s = -11 - l. Suppose 5*y - 563 = v - 2*v, s*y = 5*v - 2695. Is v prime?
False
Is (-413318 + -1)/(-3) + (-54 - -52) a prime number?
True
Is (-12)/60*-55 + 2274 a prime number?
False
Suppose 5*z - 6 = 19. Suppose -z*k + 310 = -3*k. Is k a composite number?
True
Let g be (2/(-3))/((-2)/9). Suppose q + 108 = 4*q + g*w, -78 = -3*q + 3*w. Is q prime?
True
Let f(c) = 36*c**2 + 3*c + 13. Let a be f(-11). Suppose 6*i - a = 998. Is i composite?
True
Suppose 0 = -20*k + 33*k - 13143. Is k composite?
True
Is 3 + 1 - (-3341 - -2) prime?
True
Suppose -2*f - 16 = -4*k, 0 = -8*f + 3*f - 20. Suppose -2796 = -4*m + 4*n, -k*m - 5*n + 1412 = -0*m. Is m a composite number?
False
Let u = 22929 - 15412. Is u prime?
True
Suppose 4*f + j - 2*j = 37, 3*j = -4*f + 49. Suppose -f*o = -5635 - 8735. Is o a prime number?
False
Suppose 5*y + 700 = 4*r, 4*r - r - 5*y = 520. Let o = 1223 - r. Is o a composite number?
True
Suppose -i + 11966 = d, -d - 2*i = -4*i - 11957. Is d a composite number?
True
Is (-1)/(12/(-48996)*(-6)/(-10)) composite?
True
Suppose -5465 - 7293 = -2*x + 2*m, -5*x = 5*m - 31855. Let r = -4 - -8. Suppose t - x = -r*t - 5*l, l = -2. Is t prime?
True
Suppose 4296 = -5*g + 8*g. Suppose 3*x - 686 = 5*d - 3016, -3*d = 5*x - g. Is d a composite number?
True
Suppose -9632 = -8*p - 3976. Is p composite?
True
Suppose 5*n = 5*g + 50, 3*n + 4*g - 10 = 3*g. Suppose n*a - 86 = 1389. Is a prime?
False
Let w = -445 - -707. Let r = w - 100. Suppose h - 5*n - 71 = r, 2*h = 2*n + 466. Is h a prime number?
True
Suppose 0*h + 3*b + 11210 = -5*h, 3*b + 2242 = -h. Let a = h + 3681. Is a a composite number?
False
Let c(a) = -2*a**3 - 16*a**2 + 2*a + 16. Let d be c(-8). Suppose 2*x + 8*x - 18380 = d. Is x composite?
True
Let g(p) = 3398*p**2 + 6*p - 3. Is g(-2) a composite number?
False
Suppose -176*a - 96 = -172*a. Is ((-27282)/a)/((-1)/(-4)) composite?
False
Let i = -987 - -2151. Suppose 2*u + 2*u = -i. Let g = 40 - u. Is g a composite number?
False
Suppose -7*t = -5*t. Suppose -8*c + 3*c + 5 = t. Is c/(-4) - 2218/(-8) prime?
True
Let r = 1489 + -18. Is r a composite number?
False
Let z(o) = -3*o**3 - 10*o**2 - 17*o - 55. Is z(-6) a prime number?
False
Suppose -3*w - 4*n = -11232 + 1283, w + 4*n = 3311. Is w composite?
False
Let g(h) = 3*h**2 - 2*h - 32. Let i be g(13). Suppose 3*w - 92 = 3*l - i, l - 119 = -3*w. Suppose -4*f = -u + l + 404, -u = -3*f - 518. Is u a prime number?
True
Suppose -3*q - 6 = -3*u, -4*u + 5*q = -2*u - 1. Suppose 2*g + 110 = -u*g. Let j = 467 + g. Is j composite?
True
Let p(w) = -3*w. Let h be p(-1). Suppose 0 = -h*m + 2*m + b + 698, -2*m + 1400 = 2*b. Suppose -5*x + 1346 + m = 0. Is x a composite number?
False
Is (0 - (-7542)/(-12))/((-6)/4) a prime number?
True
Suppose -3 = 5*s - 18. Let m = -3 + s. Is m + (3 - -32)/1 composite?
True
Suppose a - 2*b - 10 = -3*a, -5 = 5*b. Suppose 2*t = -u + 8, t + 2*u = -a*u + 11. Is t a prime number?
True
Suppose -5*h + 0*h = -5*v, -3*v - 3*h = -24. Suppose 2*d = w + 5, 0 = -4*d - v*w - 29 + 9. Suppose d = 4*s - 3*s - 33. Is s a composite number?
True
Suppose -m + d = -0*d - 14, 28 = 2*m + d. Let c be (-4)/m - (-1396)/(-14). Let q = 249 + c. Is q composite?
False
Is -2 - (-20)/4 - -7630 a composite number?
True
Let g(a) = 2*a - 2. Let m be g(2). Let o(i) = 2*i**3 - 1 + 17*i**3 - m*i**2 + 5*i - 2*i. Is o(2) prime?
True
Let h(s) = -s**2 + 2. Let g be h(-1). Let d(q) = 541*q**3 + q**2 + q - 2. Is d(g) composite?
False
Let r = 9 - 11. Let n be ((-20)/(-3))/(r/(-15)). Let h = 72 - n. Is h prime?
False
Let p = -137 - -254. Suppose 0 = -q + p + 88. Is q a composite number?
True
Let k = 882 + -1317. Is k/(-5) - 1*-4 a composite number?
True
Let b(p) = -49*p - 9. Let q be b(-8). Let l be q/(4 - (6 - 3)). Suppose 4*w = 3*u + 160 + 144, 0 = -5*w + 3*u + l. Is w prime?
True
Suppose 5*s - 15 = 0, -15*r - 1 = -16*r + s. Let v = 241 - 76. Suppose -a = r*a - v. Is a prime?
False
Let l = -12 - -24. Let p be (-50)/(-15)*l/10. Suppose t + p*g + g - 36 = 0, t + 2*g - 33 = 0. Is t a composite number?
False
Let w(o) = -2*o**3 - 30*o**2 + 57*o - 140. Is w(-27) prime?
True
Let s(l) = 8 + 0 + 190*l - 5. Is s(3) prime?
False
Let h(g) = -g**3 - 2*g**2 + 2*g + 3. Let r(j) = j**3 - 9*j**2 + 7*j + 6. Let o be r(8). Let y be h(o). Let s(q) = -149*q**3. Is s(y) composite?
False
Let k be (-33)/(-9) + (-3)/(-9). Suppose 4*p = -r + p + 19, 0 = k*r - 4*p - 60. Suppose 4*m = 4 - r, m - 1072 = -5*v. Is v composite?
True
Suppose -11*h + 6*h = 10, 2*j - 2*h - 71522 = 0. Is j a prime number?
True
Let u = -44293 - -85572. Is u a prime number?
False
Let n(t) = -6*t**3 + 3*t**2 - 8*t + 2. Let a(z) = 3 - 2 + 12*z**3 + 17*z + 10*z**2 - 6 - 16*z**2. Let g(f) = 6*a(f) + 13*n(f). Is g(-3) a composite number?
False
Let s = -1592 + 3231. Is s a composite number?
True
Let j(z) = -2*z**3 - 13*z**2 - 10*z - 5. Let y be j(-10). Suppose -62*c + 57*c + y = 0. Is c prime?
False
Let n(u) = -3*u + 2. Let i(h) = h**2 + 5*h - 15. Let m be i(-7). Let j be n(m). Suppose -4*f + 4645 = j*g, -1804 = -5*f - 2*g + 4015. Is f a composite number?
True
Let m = 8380 - -7671. Is m composite?
True
Suppose 5*n + n = -144. Is (1130/(-8))/(4 - (-102)/n) a prime number?
False
Let z(u) = -u**3 - 12*u - 6. Let m be 0 + (-93)/18 - 3/(-18). Is z(m) a composite number?
False
Let r = 544 + -341. Is r composite?
True
Let z be (18/(-15))/2*-5. Let s = 3 - z. Suppose 3*b - 299 + 113 = s. Is b prime?
False
Let u = -18546 - -28913. Is u a prime number?
False
Suppose 19*b = 499725 + 208272. Is b a composite number?
True
Suppose -c + 1017 = -4*d, -4*c + 2*d + 4158 = 4*d. Is c composite?
True
Suppose -2 = -h + 2. Let l be (2 + -2)/(-6 + h). Suppose l*x - x + 82 = 0. Is x prime?
False
Let d be (-20)/(-5) + 8/4. Suppose 5*n - d*n + 737 = 0. Is n a prime number?
False
Suppose 2*q + x + 1 = 3*q, x = 4*q - 13. Suppose q*a - 749 = 399. Is a a composite number?
True
Suppose 0 = -5*d + d + 4*u + 64308, -3*d - 3*u = -48255. Is d a composite number?
True
Let d(p) = -p**3 + 6*p**2 + 8*p + 3. Suppose -6*k - 12 = 2*z - 10*k, 4*z - 5*k = -9. Is d(z) a prime number?
True
Suppose 2*t - 4*t + 3*s = 4752, -3*t - 5*s - 7166 = 0. Let a = t - -6773. Is a a composite number?
False
Let q = 12507